{"id":158,"date":"2023-06-01T12:44:11","date_gmt":"2023-06-01T12:44:11","guid":{"rendered":"http:\/\/mh-bauunternehmen.de\/?page_id=158"},"modified":"2023-06-25T19:28:42","modified_gmt":"2023-06-25T19:28:42","slug":"energieberatung","status":"publish","type":"page","link":"https:\/\/mh-bauunternehmen.de\/?page_id=158","title":{"rendered":"Energieberatung"},"content":{"rendered":"\n<div class=\"wp-block-uagb-container uagb-block-1222d870 alignfull uagb-is-root-container\"><div class=\"uagb-container-inner-blocks-wrap\"><\/div><\/div>\n\n\n\n<div class=\"wp-block-uagb-container uagb-block-167c2f5c alignfull uagb-is-root-container\"><div class=\"uagb-container-inner-blocks-wrap\"><\/div><\/div>\n\n\n\n<div class=\"wp-block-uagb-advanced-heading uagb-block-216a4d56\"><h3 class=\"uagb-heading-text\"><br>Energieberatung<\/h3><p class=\"uagb-desc-text\"><br><\/p><\/div>\n\n\n\n<p class=\"has-medium-font-size\">Sie sanieren Ihr Haus und wollen Zuschuss kassieren? Ob Energieausweis, Fensteraustausch oder W\u00e4rmed\u00e4mmung f\u00fcr jeden Bedarf finden wir die richtige L\u00f6sung. Als gepr\u00fcfter Energieberater helfe ich Ihnen, die beste Entscheidung zu treffen.<br>Profitieren Sie von eingesparter Heizenergie, verbessern Sie das Raumklima und tragen Sie durch Fassadenschutz zur Wertsteigerung Ihrer Immobilie bei. In Verbindung mit staatlichen F\u00f6rdermitteln rechnet sich die Investition innerhalb weniger Jahre.<\/p>\n\n\n\n<div class=\"wp-block-uagb-container uagb-block-c66a02c8 alignfull uagb-is-root-container\"><div class=\"uagb-container-inner-blocks-wrap\">\n<div class=\"wp-block-uagb-image aligncenter uagb-block-13341bc8 wp-block-uagb-image--layout-default wp-block-uagb-image--effect-static wp-block-uagb-image--align-center\"><figure class=\"wp-block-uagb-image__figure\"><img decoding=\"async\" srcset=\"http:\/\/mh-bauunternehmen.de\/wp-content\/uploads\/2023\/05\/25188913_711177585756062_6513894068802648734_o.jpg \" sizes=\"(max-width: 480px) 150px\" src=\"http:\/\/mh-bauunternehmen.de\/wp-content\/uploads\/2023\/05\/25188913_711177585756062_6513894068802648734_o.jpg\" alt=\"Energieeffizienz Experten\" class=\"uag-image-42\" width=\"600\" title=\"\" loading=\"lazy\"\/><\/figure><\/div>\n\n\n\n<div class=\"wp-block-uagb-container uagb-block-54f13acd\">\n<div class=\"wp-block-uagb-container uagb-block-250c76c2\">\n<div class=\"wp-block-uagb-advanced-heading uagb-block-927621ca\"><h3 class=\"uagb-heading-text\">Zertifizierte Beratung f\u00fcr <\/h3><\/div>\n<\/div>\n\n\n\n<div class=\"wp-block-uagb-container uagb-block-20ce1f72\">\n<div class=\"wp-block-uagb-image aligncenter uagb-block-dfa78b3d wp-block-uagb-image--layout-default wp-block-uagb-image--effect-static wp-block-uagb-image--align-center\"><figure class=\"wp-block-uagb-image__figure\"><img decoding=\"async\" srcset=\"http:\/\/mh-bauunternehmen.de\/wp-content\/uploads\/2023\/05\/kfw.png , https:\/\/websitedemos.net\/learndash-academy-08\/wp-content\/uploads\/sites\/691\/2021\/03\/logo-1.svg 360w\" sizes=\"(max-width: 480px) 150px\" src=\"http:\/\/mh-bauunternehmen.de\/wp-content\/uploads\/2023\/05\/kfw.png\" alt=\"\" class=\"uag-image-74\" title=\"\" loading=\"lazy\"\/><\/figure><\/div>\n\n\n\n<div class=\"wp-block-uagb-image aligncenter uagb-block-ba51d037 wp-block-uagb-image--layout-default wp-block-uagb-image--effect-static wp-block-uagb-image--align-center\"><figure class=\"wp-block-uagb-image__figure\"><img decoding=\"async\" srcset=\"http:\/\/mh-bauunternehmen.de\/wp-content\/uploads\/2023\/05\/bafa.png , https:\/\/websitedemos.net\/learndash-academy-08\/wp-content\/uploads\/sites\/691\/2021\/03\/logo-2.svg 360w\" sizes=\"(max-width: 480px) 150px\" src=\"http:\/\/mh-bauunternehmen.de\/wp-content\/uploads\/2023\/05\/bafa.png\" alt=\"\" class=\"uag-image-76\" title=\"\" loading=\"lazy\"\/><\/figure><\/div>\n<\/div>\n<\/div>\n<\/div><\/div>\n\n\n\n<div class=\"inherit-container-width wp-block-group is-layout-constrained\">\n<p class=\"has-medium-font-size\">Im ersten Schritt machen wir eine Bestandsaufnahme des energetischen Ist-Zustands ihrer Immobilie. Neben der Geb\u00e4udeh\u00fclle spielt dabei auch die Qualit\u00e4t der vorhandenen Heizungsanlage eine Rolle. Anschlie\u00dfend wissen Sie, welche Einsparpotentiale Ihre Immobilie aufweist.<\/p>\n\n\n\n<p class=\"has-medium-font-size\">Auf Basis der Bestandsaufnahme erarbeiten wir als Energie-Effizienzexperten geeignete Vorschl\u00e4ge, wie sie Schwachstellen beseitigen k\u00f6nnen und welche Kosten mit der energetischen Sanierung verbunden sind.<\/p>\n<\/div>\n\n\n\n<div class=\"wp-block-uagb-container uagb-block-1b119042 alignfull uagb-is-root-container\"><div class=\"uagb-container-inner-blocks-wrap\">\n<div class=\"wp-block-uagb-advanced-heading uagb-block-8ae2374d\"><h2 class=\"uagb-heading-text\">Wir unterst\u00fctzen Sie bei:<br><br><\/h2><\/div>\n\n\n\n<div class=\"wp-block-uagb-icon-list uagb-block-8ffc6bea\"><div class=\"uagb-icon-list__wrap\">\n<div class=\"wp-block-uagb-icon-list-child uagb-block-d3347fbc\"><span class=\"uagb-icon-list__source-wrap\"><svg xmlns=\"https:\/\/www.w3.org\/2000\/svg\" viewBox=\"0 0 512 512\"><path d=\"M256 0C114.6 0 0 114.6 0 256c0 141.4 114.6 256 256 256s256-114.6 256-256C512 114.6 397.4 0 256 0zM406.6 278.6l-103.1 103.1c-12.5 12.5-32.75 12.5-45.25 0s-12.5-32.75 0-45.25L306.8 288H128C110.3 288 96 273.7 96 256s14.31-32 32-32h178.8l-49.38-49.38c-12.5-12.5-12.5-32.75 0-45.25s32.75-12.5 45.25 0l103.1 103.1C414.6 241.3 416 251.1 416 256C416 260.9 414.6 270.7 406.6 278.6z\"><\/path><\/svg><\/span><span class=\"uagb-icon-list__label\">Der Ermittlung der Energieeffizienz Ihrer Immobilie<\/span><\/div>\n\n\n\n<div class=\"wp-block-uagb-icon-list-child uagb-block-520d436c\"><span class=\"uagb-icon-list__source-wrap\"><svg xmlns=\"https:\/\/www.w3.org\/2000\/svg\" viewBox=\"0 0 512 512\"><path d=\"M256 0C114.6 0 0 114.6 0 256c0 141.4 114.6 256 256 256s256-114.6 256-256C512 114.6 397.4 0 256 0zM406.6 278.6l-103.1 103.1c-12.5 12.5-32.75 12.5-45.25 0s-12.5-32.75 0-45.25L306.8 288H128C110.3 288 96 273.7 96 256s14.31-32 32-32h178.8l-49.38-49.38c-12.5-12.5-12.5-32.75 0-45.25s32.75-12.5 45.25 0l103.1 103.1C414.6 241.3 416 251.1 416 256C416 260.9 414.6 270.7 406.6 278.6z\"><\/path><\/svg><\/span><span class=\"uagb-icon-list__label\">Der Erstellung und Umsetzung eines Modernisierungsplanes<\/span><\/div>\n\n\n\n<div class=\"wp-block-uagb-icon-list-child uagb-block-1b43a68a\"><span class=\"uagb-icon-list__source-wrap\"><svg xmlns=\"https:\/\/www.w3.org\/2000\/svg\" viewBox=\"0 0 512 512\"><path d=\"M256 0C114.6 0 0 114.6 0 256c0 141.4 114.6 256 256 256s256-114.6 256-256C512 114.6 397.4 0 256 0zM406.6 278.6l-103.1 103.1c-12.5 12.5-32.75 12.5-45.25 0s-12.5-32.75 0-45.25L306.8 288H128C110.3 288 96 273.7 96 256s14.31-32 32-32h178.8l-49.38-49.38c-12.5-12.5-12.5-32.75 0-45.25s32.75-12.5 45.25 0l103.1 103.1C414.6 241.3 416 251.1 416 256C416 260.9 414.6 270.7 406.6 278.6z\"><\/path><\/svg><\/span><span class=\"uagb-icon-list__label\">Der Beantragung von F\u00f6rdergeldern<\/span><\/div>\n<\/div><\/div>\n\n\n\n<div class=\"wp-block-uagb-container uagb-block-d32c433e\"><\/div>\n<\/div><\/div>\n","protected":false},"excerpt":{"rendered":"<p>Energieberatung Sie sanieren Ihr Haus und wollen Zuschuss kassieren? Ob Energieausweis, Fensteraustausch oder W\u00e4rmed\u00e4mmung f\u00fcr jeden Bedarf finden wir die richtige L\u00f6sung. Als gepr\u00fcfter Energieberater helfe ich Ihnen, die beste Entscheidung zu treffen.Profitieren Sie von eingesparter Heizenergie, verbessern Sie das Raumklima und tragen Sie durch Fassadenschutz zur Wertsteigerung Ihrer Immobilie bei. In Verbindung mit staatlichen &hellip;<\/p>\n<p class=\"read-more\"> <a class=\"\" href=\"https:\/\/mh-bauunternehmen.de\/?page_id=158\"> <span class=\"screen-reader-text\">Energieberatung<\/span> Weiterlesen &raquo;<\/a><\/p>\n","protected":false},"author":1,"featured_media":0,"parent":0,"menu_order":0,"comment_status":"closed","ping_status":"closed","template":"","meta":{"_uag_custom_page_level_css":"","site-sidebar-layout":"default","site-content-layout":"default","ast-global-header-display":"","ast-banner-title-visibility":"","ast-main-header-display":"","ast-hfb-above-header-display":"","ast-hfb-below-header-display":"","ast-hfb-mobile-header-display":"","site-post-title":"disabled","ast-breadcrumbs-content":"","ast-featured-img":"","footer-sml-layout":"","theme-transparent-header-meta":"","adv-header-id-meta":"","stick-header-meta":"","header-above-stick-meta":"","header-main-stick-meta":"","header-below-stick-meta":""},"uagb_featured_image_src":{"full":false,"thumbnail":false,"medium":false,"medium_large":false,"large":false,"1536x1536":false,"2048x2048":false},"uagb_author_info":{"display_name":"admin","author_link":"https:\/\/mh-bauunternehmen.de\/?author=1"},"uagb_comment_info":0,"uagb_excerpt":"Energieberatung Sie sanieren Ihr Haus und wollen Zuschuss kassieren? Ob Energieausweis, Fensteraustausch oder W\u00e4rmed\u00e4mmung f\u00fcr jeden Bedarf finden wir die richtige L\u00f6sung. Als gepr\u00fcfter Energieberater helfe ich Ihnen, die beste Entscheidung zu treffen.Profitieren Sie von eingesparter Heizenergie, verbessern Sie das Raumklima und tragen Sie durch Fassadenschutz zur Wertsteigerung Ihrer Immobilie bei. In Verbindung mit staatlichen&hellip;","_links":{"self":[{"href":"https:\/\/mh-bauunternehmen.de\/index.php?rest_route=\/wp\/v2\/pages\/158"}],"collection":[{"href":"https:\/\/mh-bauunternehmen.de\/index.php?rest_route=\/wp\/v2\/pages"}],"about":[{"href":"https:\/\/mh-bauunternehmen.de\/index.php?rest_route=\/wp\/v2\/types\/page"}],"author":[{"embeddable":true,"href":"https:\/\/mh-bauunternehmen.de\/index.php?rest_route=\/wp\/v2\/users\/1"}],"replies":[{"embeddable":true,"href":"https:\/\/mh-bauunternehmen.de\/index.php?rest_route=%2Fwp%2Fv2%2Fcomments&post=158"}],"version-history":[{"count":14,"href":"https:\/\/mh-bauunternehmen.de\/index.php?rest_route=\/wp\/v2\/pages\/158\/revisions"}],"predecessor-version":[{"id":376,"href":"https:\/\/mh-bauunternehmen.de\/index.php?rest_route=\/wp\/v2\/pages\/158\/revisions\/376"}],"wp:attachment":[{"href":"https:\/\/mh-bauunternehmen.de\/index.php?rest_route=%2Fwp%2Fv2%2Fmedia&parent=158"}],"curies":[{"name":"wp","href":"https:\/\/api.w.org\/{rel}","templated":true}]}}